when 44630123 is divided by 1164?
35
What is the remainder when 2344432 is divided by 1646?
528
Calculate the remainder when 17698015 is divided by 28.
27
What is the remainder when 26309753 is divided by 72?
17
What is the remainder when 14472166 is divided by 2694?
2692
What is the remainder when 792532 is divided by 23?
21
What is the remainder when 39490 is divided by 640?
450
Calculate the remainder when 43012 is divided by 14284.
160
What is the remainder when 258791 is divided by 3405?
11
What is the remainder when 6285527 is divided by 285702?
83
What is the remainder when 910779 is divided by 9793?
30
What is the remainder when 899502 is divided by 558?
6
Calculate the remainder when 2649486 is divided by 244.
134
What is the remainder when 491136 is divided by 57?
24
What is the remainder when 135223 is divided by 353?
24
Calculate the remainder when 31967981 is divided by 3456.
3437
What is the remainder when 19696752 is divided by 458064?
0
Calculate the remainder when 791571 is divided by 5174.
5123
What is the remainder when 12349551 is divided by 493973?
226
What is the remainder when 17967020 is divided by 327?
5
What is the remainder when 175561 is divided by 175558?
3
Calculate the remainder when 1629107 is divided by 1062.
1061
What is the remainder when 618771 is divided by 812?
27
What is the remainder when 9081955 is divided by 131?
118
What is the remainder when 569505 is divided by 212?
73
Calculate the remainder when 337782 is divided by 132.
126
What is the remainder when 113942255 is divided by 6?
5
What is the remainder when 206659 is divided by 28943?
4058
What is the remainder when 213172 is divided by 7738?
4246
What is the remainder when 2042 is divided by 261?
215
Calculate the remainder when 18139339 is divided by 1208.
11
What is the remainder when 119187456 is divided by 1060?
1056
What is the remainder when 2708635 is divided by 160?
155
What is the remainder when 139611 is divided by 69465?
681
Calculate the remainder when 152575 is divided by 2089.
78
What is the remainder when 780642 is divided by 311?
32
What is the remainder when 528761754 is divided by 1499?
1496
Calculate the remainder when 3641186 is divided by 273.
185
What is the remainder when 1980469 is divided by 330076?
13
What is the remainder when 353221 is divided by 58831?
235
Calculate the remainder when 1569463 is divided by 313770.
613
Calculate the remainder when 998144 is divided by 1538.
1520
What is the remainder when 103774910 is divided by 139?
12
Calculate the remainder when 13144727 is divided by 60.
47
Calculate the remainder when 876638 is divided by 524.
510
Calculate the remainder when 22285174 is divided by 795899.
2
What is the remainder when 6596232 is divided by 607?
570
Calculate the remainder when 45486868 is divided by 2547.
2542
What is the remainder when 34249 is divided by 3058?
611
What is the remainder when 1205924 is divided by 5330?
1344
What is the remainder when 6603 is divided by 2707?
1189
Calculate the remainder when 437093 is divided by 2732.
2705
Calculate the remainder when 1928031 is divided by 37804.
27
What is the remainder when 30658984 is divided by 149?
148
Calculate the remainder when 1680490 is divided by 15560.
10
What is the remainder when 1036367 is divided by 4048?
79
What is the remainder when 1114049 is divided by 354?
11
Calculate the remainder when 319111 is divided by 1803.
1783
What is the remainder when 147441385 is divided by 484?
465
Calculate the remainder when 872590 is divided by 58171.
25
What is the remainder when 503898595 is divided by 86?
85
What is the remainder when 1287060 is divided by 12142?
8
What is the remainder when 1690647 is divided by 221?
218
Calculate the remainder when 2029625 is divided by 135277.
470
Calculate the remainder when 4593740 is divided by 200.
140
Calculate the remainder when 77950 is divided by 41.
9
What is the remainder when 22652 is divided by 5155?
2032
Calculate the remainder when 11279861 is divided by 512719.
43
What is the remainder when 5467072 is divided by 7270?
32
Calculate the remainder when 234708 is divided by 234701.
7
What is the remainder when 137438 is divided by 454?
330
Calculate the remainder when 13937757 is divided by 3862.
3661
What is the remainder when 1226512 is divided by 408814?
70
What is the remainder when 1298084 is divided by 818?
736
Calculate the remainder when 4356 is divided by 3247.
1109
What is the remainder when 5067 is divided by 5050?
17
Calculate the remainder when 248984222 is divided by 69.
68
What is the remainder when 12811222 is divided by 1907?
1903
Calculate the remainder when 31984494 is divided by 5178.
5166
What is the remainder when 5154348 is divided by 47?
46
Calculate the remainder when 14333298 is divided by 6076.
14
What is the remainder when 1130932 is divided by 376649?
985
Calculate the remainder when 1464185 is divided by 464.
265
What is the remainder when 6360979 is divided by 5767?
5745
What is the remainder when 139075647 is divided by 464?
463
Calculate the remainder when 52385688 is divided by 165.
3
Calculate the remainder when 12691302 is divided by 4230434.
0
Calculate the remainder when 1606284 is divided by 107085.
9
Calculate the remainder when 1209657 is divided by 461.
454
What is the remainder when 16865621 is divided by 18493?
5
What is the remainder when 275355709 is divided by 3578?
3563
What is the remainder when 129546 is divided by 82?
68
Calculate the remainder when 3337445 is divided by 1112452.
89
Calculate the remainder when 12779021 is divided by 1515.
1511
Calculate the remainder when 377423 is divided by 53913.
32
Calculate the remainder when 767066 is divided by 305.
296
What is the remainder when 151267502 is divided by 46?
44
Calculate the remainder when 786358 is divided by 196589.
2
Calculate the remainder when 15089478 is divided by 18.
6
Calculate the remainder when 2345056 is divided by 219.
4
Calculate the remainder when 101115659 is divided by 201.
197
What is the remainder when 795976 is divided by 41893?
9
Calculate the remainder when 1539280 is divided by 22636.
32
What is the remainder when 1386477 is divided by 1313?
1262
What is the remainder when 2679886 is divided by 136?
6
What is the remainder when 86986 is divided by 1999?
1029
What is the remainder when 45448918 is divided by 11?
9
What is the remainder when 1023599 is divided by 928?
15
What is the remainder when 62768872 is divided by 606?
604
Calculate the remainder when 29160 is divided by 794.
576
Calculate the remainder when 820014 is divided by 409661.
692
What is the remainder when 18210359 is divided by 70?
69
What is the remainder when 321152500 is divided by 7?
4
Calculate the remainder when 84480 is divided by 54.
24
Calculate the remainder when 76495 is divided by 25392.
319
Calculate the remainder when 106622 is divided by 17592.
1070
Calculate the remainder when 23040 is divided by 11308.
424
What is the remainder when 100060 is divided by 99774?
286
What is the remainder when 6361922 is divided by 198?
182
What is the remainder when 46001385 is divided by 1241?
1238
Calculate the remainder when 4278771 is divided by 1447.
1439
Calculate the remainder when 24391 is divided by 4697.
906
Calculate the remainder when 206709 is divided by 636.
9
What is the remainder when 1512405 is divided by 814?
807
What is the remainder when 23616030 is divided by 21?
18
What is the remainder when 336246 is divided by 3293?
360
Calculate the remainder when 342463 is divided by 428.
63
What is the remainder when 450002 is divided by 85?
12
Calculate the remainder when 68544 is divided by 88.
80
Calculate the remainder when 59467154 is divided by 727.
8
What is the remainder when 376916 is divided by 376470?
446
Calculate the remainder when 77769800 is divided by 1415.
1400
Calculate the remainder when 59929331 is divided by 14812.
14791
Calculate the remainder when 124196 is divided by 30828.
884
Calculate the remainder when 2324520 is divided by 283.
241
Calculate the remainder when 9760 is divided by 820.
740
Calculate the remainder when 1198117 is divided by 15756.
661
What is the remainder when 511899 is divided by 3347?
3155
Calculate the remainder when 178806 is divided by 59